or of 60 and 85545?
15
Calculate the highest common factor of 18 and 179136.
18
What is the greatest common divisor of 4368 and 468650?
182
What is the highest common divisor of 58 and 5532?
2
Calculate the greatest common factor of 32 and 166.
2
What is the greatest common factor of 1328 and 91134?
166
What is the greatest common divisor of 736 and 559544?
184
Calculate the greatest common factor of 17 and 152949.
17
What is the highest common factor of 40 and 55064?
8
Calculate the highest common divisor of 7664775 and 150.
75
Calculate the highest common factor of 662992 and 528.
176
What is the greatest common factor of 2300 and 1794?
46
What is the greatest common factor of 3636846 and 12?
6
Calculate the highest common divisor of 172 and 548.
4
Calculate the greatest common factor of 8796 and 2.
2
What is the highest common divisor of 818891 and 211?
211
What is the greatest common divisor of 840 and 44905?
35
What is the highest common factor of 10 and 77430?
10
Calculate the highest common divisor of 8084 and 3956.
172
Calculate the highest common factor of 1025 and 5725.
25
Calculate the highest common divisor of 297166 and 124.
62
Calculate the highest common factor of 14 and 2212.
14
Calculate the greatest common factor of 37350 and 21450.
150
Calculate the greatest common factor of 248598 and 196.
14
What is the highest common divisor of 338651 and 181?
181
What is the greatest common divisor of 438 and 225424?
146
What is the highest common divisor of 1645 and 32665?
235
What is the highest common divisor of 1513 and 2047?
89
What is the highest common divisor of 308638 and 22?
22
What is the highest common divisor of 15 and 5238?
3
What is the greatest common divisor of 369036 and 2295?
459
Calculate the greatest common factor of 544 and 350948.
68
What is the greatest common factor of 72352 and 2618?
238
What is the greatest common factor of 164642 and 21774?
382
Calculate the highest common divisor of 17899341 and 633.
633
What is the greatest common divisor of 196 and 46676?
28
What is the greatest common factor of 734119 and 469?
67
Calculate the greatest common factor of 1030 and 117935.
515
What is the greatest common divisor of 3397 and 301?
43
What is the greatest common factor of 7 and 159019?
7
Calculate the greatest common factor of 50104 and 40.
8
What is the greatest common factor of 6 and 2629308?
6
What is the highest common factor of 119 and 1453993?
17
Calculate the greatest common divisor of 4123 and 41695.
31
What is the greatest common divisor of 1901875 and 75?
25
What is the greatest common divisor of 380 and 114190?
190
What is the greatest common factor of 290 and 1278146?
58
What is the greatest common factor of 85731 and 816?
51
Calculate the highest common factor of 3623842 and 8912.
1114
What is the greatest common factor of 74958 and 78?
78
Calculate the highest common factor of 313280 and 801.
89
Calculate the highest common divisor of 2150 and 39130.
430
Calculate the highest common divisor of 500 and 112300.
100
Calculate the greatest common divisor of 1029 and 357.
21
Calculate the greatest common divisor of 65083 and 111.
37
What is the highest common factor of 6688 and 64?
32
What is the highest common divisor of 640 and 411392?
128
Calculate the greatest common factor of 31743 and 315.
9
Calculate the greatest common factor of 204756 and 1017.
339
What is the highest common factor of 1 and 13751?
1
Calculate the greatest common divisor of 33763 and 323.
19
Calculate the greatest common divisor of 157 and 3925785.
157
Calculate the highest common divisor of 170 and 39185.
85
Calculate the highest common divisor of 90306 and 252.
18
Calculate the greatest common factor of 74568 and 468.
156
Calculate the greatest common factor of 33335 and 226.
113
What is the greatest common factor of 6118 and 159229?
161
What is the highest common factor of 54 and 38043?
27
What is the highest common factor of 9600 and 40176?
48
What is the greatest common factor of 333 and 448329?
111
Calculate the greatest common factor of 2299 and 293546.
121
Calculate the highest common factor of 260 and 20345.
65
Calculate the highest common factor of 8 and 24052.
4
What is the highest common divisor of 4616 and 104?
8
What is the greatest common divisor of 1777 and 10738411?
1777
Calculate the highest common factor of 5074 and 13275.
59
What is the highest common factor of 81 and 44559?
9
What is the highest common factor of 18299 and 319?
29
What is the highest common factor of 18029 and 88?
11
Calculate the highest common factor of 1442448 and 318.
318
Calculate the greatest common factor of 1924 and 4492.
4
What is the greatest common divisor of 1134 and 16569?
63
What is the greatest common divisor of 22893 and 39?
39
What is the highest common factor of 3444358 and 76?
38
Calculate the highest common factor of 25 and 2025.
25
What is the greatest common divisor of 174040 and 8015?
1145
What is the highest common divisor of 32535 and 450?
45
What is the greatest common factor of 77694 and 10?
2
Calculate the highest common divisor of 66768 and 32.
16
Calculate the greatest common divisor of 1871 and 4913246.
1871
Calculate the greatest common factor of 2739 and 31125.
249
What is the greatest common factor of 315726 and 12?
6
Calculate the highest common factor of 4268 and 148507.
97
What is the highest common factor of 360 and 35064?
72
Calculate the highest common factor of 37465 and 20.
5
Calculate the highest common divisor of 6704 and 1104.
16
What is the highest common divisor of 8124750 and 450?
450
What is the highest common factor of 2592 and 160?
32
Calculate the highest common divisor of 779 and 9881.
41
What is the highest common divisor of 2930 and 435984?
586
What is the highest common factor of 279 and 287556?
93
What is the highest common divisor of 19215 and 1603385?
2135
What is the greatest common factor of 553986 and 162?
54
Calculate the highest common divisor of 772676 and 232.
116
What is the highest common factor of 54 and 358776?
54
What is the greatest common divisor of 3256 and 1147333?
407
What is the greatest common divisor of 1430171 and 139?
139
Calculate the greatest common divisor of 2542 and 122262.
82
Calculate the highest common divisor of 6813 and 6079467.
2271
What is the greatest common divisor of 1152 and 1044?
36
What is the highest common factor of 8984 and 54?
2
Calculate the highest common factor of 325216 and 64.
32
What is the greatest common divisor of 220 and 711920?
220
Calculate the greatest common factor of 56 and 81032.
56
Calculate the greatest common factor of 802 and 354083.
401
What is the highest common factor of 962054 and 186?
62
Calculate the highest common factor of 186 and 2661.
3
Calculate the highest common factor of 341085 and 90.
15
Calculate the greatest common factor of 6949 and 1.
1
Calculate the greatest common divisor of 20757 and 444.
111
Calculate the highest common divisor of 56 and 4564.
28
What is the greatest common divisor of 3982 and 1210?
22
Calculate the highest common divisor of 21 and 46389.
21
What is the highest common divisor of 1485 and 14580?
135
Calculate the greatest common factor of 4319308 and 1064.
532
Calculate the greatest common factor of 798 and 745864.
266
Calculate the highest common divisor of 1712 and 6313.
107
What is the highest common factor of 10092 and 8700?
348
Calculate the greatest common factor of 25 and 4179925.
25
Calculate the greatest common divisor of 834 and 198353.
139
What is the highest common divisor of 891 and 49?
1
What is the highest common factor of 2888 and 4028?
76
Calculate the highest common divisor of 56491 and 68.
17
What is the highest common factor of 284 and 13703?
71
What is the greatest common factor of 559894 and 1048?
262
What is the greatest common factor of 122 and 170556?
122
What is the greatest common divisor of 1232580 and 150?
30
What is the greatest common divisor of 3661 and 272483?
523
What is the greatest common divisor of 26166888 and 12?
12
Calculate the greatest common divisor of 9085 and 2185.
115
What is the greatest common divisor of 21 and 124901?
7
What is the highest common divisor of 288544 and 284?
284
Calculate the greatest common divisor of 6 and 20238.
6